{"id":111,"date":"2019-02-22T18:33:06","date_gmt":"2019-02-22T18:33:06","guid":{"rendered":"http:\/\/www.brainstormbureau.nl\/?page_id=111"},"modified":"2025-06-18T16:40:46","modified_gmt":"2025-06-18T16:40:46","slug":"brainstorm-sessie","status":"publish","type":"page","link":"https:\/\/www.brainstormbureau.nl\/index.php\/brainstorm-sessie\/","title":{"rendered":"Brainstorm Sessie"},"content":{"rendered":"\n<p class=\"wp-block-paragraph\">Iedere brainstorm sessie is anders. Een creatieve uitdaging. De bedoeling is om het probleem op te lossen.  Problemen als uitdaging te zien.  Enthousiasme, meer energie, er weer zin in krijgen. Als de brainstorm goed gaat, gaat het weer borrelen, jeuken en kriebelen. Het geeft inspiratie en energie.<\/p>\n\n\n\n<h2 class=\"wp-block-heading\">Wanneer spreek je van Brainstormen ?<\/h2>\n\n\n\n<p class=\"wp-block-paragraph\">Een kenmerk van het echte brainstorm is dat het verzonnen idee van grotere kwaliteit is. Origineler, efficienter en dan het wel eens echt zou kunnen werken. Door logisch nadenken kom je er niet op. Het is net dat stapje of sprongetje m\u00e9\u00e9r, waardoor je zegt: &#8220;Wauw, dat is het&#8221;. Het gaat gepaard met enthousiasme. Het is iets waar je nog nooit aan had gedacht&#8230;<\/p>\n\n\n\n<h2 class=\"wp-block-heading\">Wat ook kan helpen&#8230;<\/h2>\n\n\n\n<p class=\"wp-block-paragraph\">Zijn er nieuwe andere idee\u00ebn? Zijn er niet nog m\u00e9\u00e9r mogelijkheden of invalshoeken? Zijn er nieuwe ontwikkelingen, kansen, mogelijkheden? Wij vinden het leuk en weten veel over <a href=\"https:\/\/www.brainstormbureau.nl\/index.php\/brainstormbureau-jouw-partner-in-creatieve-ideeen\/\">brainstorme<\/a>n. <a href=\"https:\/\/www.robertpennekamp[.nl\">Dus vraag maar<\/a>.<\/p>\n\n\n\n<figure class=\"wp-block-image\"><img data-recalc-dims=\"1\" loading=\"lazy\" decoding=\"async\" width=\"660\" height=\"758\" src=\"https:\/\/i0.wp.com\/www.brainstormbureau.nl\/wp-content\/uploads\/2019\/05\/robert_lach_groot.jpg?resize=660%2C758\" alt=\"Robert Pennekamp, brainstormen, brainstormbureau. brainstormsessie, idee, concept, leuk, lachen, goede, positief, aanpak, oplossing, sessie, coach, orakel, brainstormspel, kunstenaar, creatief, zanger, presentator, duizendpoot\" class=\"wp-image-434\" srcset=\"https:\/\/i0.wp.com\/www.brainstormbureau.nl\/wp-content\/uploads\/2019\/05\/robert_lach_groot.jpg?w=871&amp;ssl=1 871w, https:\/\/i0.wp.com\/www.brainstormbureau.nl\/wp-content\/uploads\/2019\/05\/robert_lach_groot.jpg?resize=261%2C300&amp;ssl=1 261w, https:\/\/i0.wp.com\/www.brainstormbureau.nl\/wp-content\/uploads\/2019\/05\/robert_lach_groot.jpg?resize=768%2C882&amp;ssl=1 768w\" sizes=\"auto, (max-width: 660px) 100vw, 660px\" \/><figcaption class=\"wp-element-caption\">Robert Pennekamp (foto: Roberto Martini)<\/figcaption><\/figure>\n\n\n\n<h2 class=\"wp-block-heading\">Robert Pennekamp<\/h2>\n\n\n\n<p class=\"wp-block-paragraph\">Robert Pennekamp is de eigenaar van het Brainstormbureau dat vanaf 2000 is ontstaan als eenmanszaak. Afgestudeerd als voedingskundige aan de Landbouw Universiteit met hoofdvakken bedrijfskunde, bedrijfspsychologie en humane voeding. Naast te hebben gewerkt als bedrijfsadviseur voor startende ondernemingen heeft Robert Pennekamp marketing, reclame en PR ervaring opgedaan als zelfstandig ondernemer.  <a href=\"https:\/\/www.robertpennekamp.nl\">Robert<\/a> is multidiscipinair kunstenaar.<\/p>\n\n\n\n<h2 class=\"wp-block-heading\">Waarvoor is het Brainstormbureau inzetbaar?<\/h2>\n\n\n\n<p class=\"wp-block-paragraph\">Vele grote bedrijven hebben marketing- of reclame- of onderzoeks- afdelingen die zich met brainstormen bezig houden. Of er worden reclame bureaus ingehuurd. Meestal hangt daar een behoorlijk prijskaartje aan. Het Brainstormbureau is te vergelijken met een trainingsbureau, of het voor traject van een reclame bureau. Het Brainstormbureau geeft brainstormsessies, trainingen en workshops en is inzetbaar voor creatieve uitdagingen. Voor de uitvoeren van de idee\u00ebn, na de brainstormsessies, worden meestal derden ingezet, of wordt dit intern opgelost. <\/p>\n\n\n\n<figure class=\"wp-block-image size-full\"><a href=\"mailto:\/\/info@brainstormbureau.nl\"><img data-recalc-dims=\"1\" loading=\"lazy\" decoding=\"async\" width=\"660\" height=\"528\" src=\"https:\/\/i0.wp.com\/www.brainstormbureau.nl\/wp-content\/uploads\/2022\/06\/actnow.jpg?resize=660%2C528&#038;ssl=1\" alt=\"actie, reactie, actie, voordeel, voordelen, nadelen, reageren, brainstorm, brainstormsessie, nu, brainstorm methode, actie methode, doen, gewoon doen, anders, verandering, brainstormbureau,\" class=\"wp-image-1319\" srcset=\"https:\/\/i0.wp.com\/www.brainstormbureau.nl\/wp-content\/uploads\/2022\/06\/actnow.jpg?w=1000&amp;ssl=1 1000w, https:\/\/i0.wp.com\/www.brainstormbureau.nl\/wp-content\/uploads\/2022\/06\/actnow.jpg?resize=300%2C240&amp;ssl=1 300w, https:\/\/i0.wp.com\/www.brainstormbureau.nl\/wp-content\/uploads\/2022\/06\/actnow.jpg?resize=768%2C614&amp;ssl=1 768w\" sizes=\"auto, (max-width: 660px) 100vw, 660px\" \/><\/a><figcaption class=\"wp-element-caption\">Act Now, Press the button !!!<\/figcaption><\/figure>\n","protected":false},"excerpt":{"rendered":"<p>Iedere brainstorm sessie is anders. Een creatieve uitdaging. De bedoeling is om het probleem op te lossen. Problemen als uitdaging te zien. Enthousiasme, meer energie, er weer zin in krijgen. Als de brainstorm goed gaat, gaat het weer borrelen, jeuken en kriebelen. Het geeft inspiratie en energie. Wanneer spreek je van Brainstormen ? Een kenmerk &hellip; <a href=\"https:\/\/www.brainstormbureau.nl\/index.php\/brainstorm-sessie\/\" class=\"more-link\">Verder lezen <span class=\"screen-reader-text\">Brainstorm Sessie<\/span><\/a><\/p>\n","protected":false},"author":1,"featured_media":0,"parent":0,"menu_order":0,"comment_status":"closed","ping_status":"closed","template":"","meta":{"_crdt_document":"","jetpack_post_was_ever_published":false,"footnotes":""},"class_list":["post-111","page","type-page","status-publish","hentry"],"yoast_head":"<!-- This site is optimized with the Yoast SEO plugin v27.5 - https:\/\/yoast.com\/product\/yoast-seo-wordpress\/ -->\n<title>Brainstorm Sessie - BRAINSTORMBUREAU<\/title>\n<meta name=\"description\" content=\"Brainstormen, brainstormsessie, uitdaging, oplossing, sessie, creativiteit, brainstorm, idee, invalshoeken, mogelijkheden\" \/>\n<meta name=\"robots\" content=\"index, follow, max-snippet:-1, max-image-preview:large, max-video-preview:-1\" \/>\n<link rel=\"canonical\" href=\"https:\/\/www.brainstormbureau.nl\/index.php\/brainstorm-sessie\/\" \/>\n<meta property=\"og:locale\" content=\"nl_NL\" \/>\n<meta property=\"og:type\" content=\"article\" \/>\n<meta property=\"og:title\" content=\"Brainstorm Sessie - BRAINSTORMBUREAU\" \/>\n<meta property=\"og:description\" content=\"Brainstormen, brainstormsessie, uitdaging, oplossing, sessie, creativiteit, brainstorm, idee, invalshoeken, mogelijkheden\" \/>\n<meta property=\"og:url\" content=\"https:\/\/www.brainstormbureau.nl\/index.php\/brainstorm-sessie\/\" \/>\n<meta property=\"og:site_name\" content=\"BRAINSTORMBUREAU\" \/>\n<meta property=\"article:publisher\" content=\"https:\/\/www.facebook.com\/robert.pennekamp\/\" \/>\n<meta property=\"article:modified_time\" content=\"2025-06-18T16:40:46+00:00\" \/>\n<meta property=\"og:image\" content=\"http:\/\/www.brainstormbureau.nl\/wp-content\/uploads\/2019\/05\/robert_lach_groot.jpg\" \/>\n<meta name=\"twitter:card\" content=\"summary_large_image\" \/>\n<meta name=\"twitter:site\" content=\"@robertpennekamp\" \/>\n<meta name=\"twitter:label1\" content=\"Geschatte leestijd\" \/>\n\t<meta name=\"twitter:data1\" content=\"2 minuten\" \/>\n<script type=\"application\/ld+json\" class=\"yoast-schema-graph\">{\"@context\":\"https:\\\/\\\/schema.org\",\"@graph\":[{\"@type\":\"WebPage\",\"@id\":\"https:\\\/\\\/www.brainstormbureau.nl\\\/index.php\\\/brainstorm-sessie\\\/\",\"url\":\"https:\\\/\\\/www.brainstormbureau.nl\\\/index.php\\\/brainstorm-sessie\\\/\",\"name\":\"Brainstorm Sessie - BRAINSTORMBUREAU\",\"isPartOf\":{\"@id\":\"https:\\\/\\\/www.brainstormbureau.nl\\\/#website\"},\"primaryImageOfPage\":{\"@id\":\"https:\\\/\\\/www.brainstormbureau.nl\\\/index.php\\\/brainstorm-sessie\\\/#primaryimage\"},\"image\":{\"@id\":\"https:\\\/\\\/www.brainstormbureau.nl\\\/index.php\\\/brainstorm-sessie\\\/#primaryimage\"},\"thumbnailUrl\":\"http:\\\/\\\/www.brainstormbureau.nl\\\/wp-content\\\/uploads\\\/2019\\\/05\\\/robert_lach_groot.jpg\",\"datePublished\":\"2019-02-22T18:33:06+00:00\",\"dateModified\":\"2025-06-18T16:40:46+00:00\",\"description\":\"Brainstormen, brainstormsessie, uitdaging, oplossing, sessie, creativiteit, brainstorm, idee, invalshoeken, mogelijkheden\",\"breadcrumb\":{\"@id\":\"https:\\\/\\\/www.brainstormbureau.nl\\\/index.php\\\/brainstorm-sessie\\\/#breadcrumb\"},\"inLanguage\":\"nl-NL\",\"potentialAction\":[{\"@type\":\"ReadAction\",\"target\":[\"https:\\\/\\\/www.brainstormbureau.nl\\\/index.php\\\/brainstorm-sessie\\\/\"]}]},{\"@type\":\"ImageObject\",\"inLanguage\":\"nl-NL\",\"@id\":\"https:\\\/\\\/www.brainstormbureau.nl\\\/index.php\\\/brainstorm-sessie\\\/#primaryimage\",\"url\":\"http:\\\/\\\/www.brainstormbureau.nl\\\/wp-content\\\/uploads\\\/2019\\\/05\\\/robert_lach_groot.jpg\",\"contentUrl\":\"http:\\\/\\\/www.brainstormbureau.nl\\\/wp-content\\\/uploads\\\/2019\\\/05\\\/robert_lach_groot.jpg\"},{\"@type\":\"BreadcrumbList\",\"@id\":\"https:\\\/\\\/www.brainstormbureau.nl\\\/index.php\\\/brainstorm-sessie\\\/#breadcrumb\",\"itemListElement\":[{\"@type\":\"ListItem\",\"position\":1,\"name\":\"Home\",\"item\":\"https:\\\/\\\/www.brainstormbureau.nl\\\/\"},{\"@type\":\"ListItem\",\"position\":2,\"name\":\"Brainstorm Sessie\"}]},{\"@type\":\"WebSite\",\"@id\":\"https:\\\/\\\/www.brainstormbureau.nl\\\/#website\",\"url\":\"https:\\\/\\\/www.brainstormbureau.nl\\\/\",\"name\":\"BRAINSTORMBUREAU\",\"description\":\"alles kan en mag\",\"publisher\":{\"@id\":\"https:\\\/\\\/www.brainstormbureau.nl\\\/#\\\/schema\\\/person\\\/25c5ebac34b0d521c62005c0274bd35a\"},\"potentialAction\":[{\"@type\":\"SearchAction\",\"target\":{\"@type\":\"EntryPoint\",\"urlTemplate\":\"https:\\\/\\\/www.brainstormbureau.nl\\\/?s={search_term_string}\"},\"query-input\":{\"@type\":\"PropertyValueSpecification\",\"valueRequired\":true,\"valueName\":\"search_term_string\"}}],\"inLanguage\":\"nl-NL\"},{\"@type\":[\"Person\",\"Organization\"],\"@id\":\"https:\\\/\\\/www.brainstormbureau.nl\\\/#\\\/schema\\\/person\\\/25c5ebac34b0d521c62005c0274bd35a\",\"name\":\"Robert Pennekamp\",\"image\":{\"@type\":\"ImageObject\",\"inLanguage\":\"nl-NL\",\"@id\":\"https:\\\/\\\/i0.wp.com\\\/www.brainstormbureau.nl\\\/wp-content\\\/uploads\\\/2019\\\/02\\\/logo-brainstormbureau-groot.jpg?fit=1000%2C1000&ssl=1\",\"url\":\"https:\\\/\\\/i0.wp.com\\\/www.brainstormbureau.nl\\\/wp-content\\\/uploads\\\/2019\\\/02\\\/logo-brainstormbureau-groot.jpg?fit=1000%2C1000&ssl=1\",\"contentUrl\":\"https:\\\/\\\/i0.wp.com\\\/www.brainstormbureau.nl\\\/wp-content\\\/uploads\\\/2019\\\/02\\\/logo-brainstormbureau-groot.jpg?fit=1000%2C1000&ssl=1\",\"width\":1000,\"height\":1000,\"caption\":\"Robert Pennekamp\"},\"logo\":{\"@id\":\"https:\\\/\\\/i0.wp.com\\\/www.brainstormbureau.nl\\\/wp-content\\\/uploads\\\/2019\\\/02\\\/logo-brainstormbureau-groot.jpg?fit=1000%2C1000&ssl=1\"},\"description\":\"Beeldend kunstenaar en brainstormer (Uithoorn, 1963), woont en werkt in Amsterdam. Multi-media kunstenaar:. https:\\\/\\\/www.robertpennekamp.nl, https:\\\/\\\/www.brainstormbureau.nl\",\"sameAs\":[\"https:\\\/\\\/www.brainstormbureau.nl\",\"https:\\\/\\\/www.facebook.com\\\/robert.pennekamp\\\/\",\"https:\\\/\\\/www.instagram.com\\\/robertpennekamp\\\/\",\"https:\\\/\\\/www.linkedin.com\\\/company\\\/430616\\\/admin\\\/dashboard\\\/\"]}]}<\/script>\n<!-- \/ Yoast SEO plugin. -->","yoast_head_json":{"title":"Brainstorm Sessie - BRAINSTORMBUREAU","description":"Brainstormen, brainstormsessie, uitdaging, oplossing, sessie, creativiteit, brainstorm, idee, invalshoeken, mogelijkheden","robots":{"index":"index","follow":"follow","max-snippet":"max-snippet:-1","max-image-preview":"max-image-preview:large","max-video-preview":"max-video-preview:-1"},"canonical":"https:\/\/www.brainstormbureau.nl\/index.php\/brainstorm-sessie\/","og_locale":"nl_NL","og_type":"article","og_title":"Brainstorm Sessie - BRAINSTORMBUREAU","og_description":"Brainstormen, brainstormsessie, uitdaging, oplossing, sessie, creativiteit, brainstorm, idee, invalshoeken, mogelijkheden","og_url":"https:\/\/www.brainstormbureau.nl\/index.php\/brainstorm-sessie\/","og_site_name":"BRAINSTORMBUREAU","article_publisher":"https:\/\/www.facebook.com\/robert.pennekamp\/","article_modified_time":"2025-06-18T16:40:46+00:00","og_image":[{"url":"http:\/\/www.brainstormbureau.nl\/wp-content\/uploads\/2019\/05\/robert_lach_groot.jpg","type":"","width":"","height":""}],"twitter_card":"summary_large_image","twitter_site":"@robertpennekamp","twitter_misc":{"Geschatte leestijd":"2 minuten"},"schema":{"@context":"https:\/\/schema.org","@graph":[{"@type":"WebPage","@id":"https:\/\/www.brainstormbureau.nl\/index.php\/brainstorm-sessie\/","url":"https:\/\/www.brainstormbureau.nl\/index.php\/brainstorm-sessie\/","name":"Brainstorm Sessie - BRAINSTORMBUREAU","isPartOf":{"@id":"https:\/\/www.brainstormbureau.nl\/#website"},"primaryImageOfPage":{"@id":"https:\/\/www.brainstormbureau.nl\/index.php\/brainstorm-sessie\/#primaryimage"},"image":{"@id":"https:\/\/www.brainstormbureau.nl\/index.php\/brainstorm-sessie\/#primaryimage"},"thumbnailUrl":"http:\/\/www.brainstormbureau.nl\/wp-content\/uploads\/2019\/05\/robert_lach_groot.jpg","datePublished":"2019-02-22T18:33:06+00:00","dateModified":"2025-06-18T16:40:46+00:00","description":"Brainstormen, brainstormsessie, uitdaging, oplossing, sessie, creativiteit, brainstorm, idee, invalshoeken, mogelijkheden","breadcrumb":{"@id":"https:\/\/www.brainstormbureau.nl\/index.php\/brainstorm-sessie\/#breadcrumb"},"inLanguage":"nl-NL","potentialAction":[{"@type":"ReadAction","target":["https:\/\/www.brainstormbureau.nl\/index.php\/brainstorm-sessie\/"]}]},{"@type":"ImageObject","inLanguage":"nl-NL","@id":"https:\/\/www.brainstormbureau.nl\/index.php\/brainstorm-sessie\/#primaryimage","url":"http:\/\/www.brainstormbureau.nl\/wp-content\/uploads\/2019\/05\/robert_lach_groot.jpg","contentUrl":"http:\/\/www.brainstormbureau.nl\/wp-content\/uploads\/2019\/05\/robert_lach_groot.jpg"},{"@type":"BreadcrumbList","@id":"https:\/\/www.brainstormbureau.nl\/index.php\/brainstorm-sessie\/#breadcrumb","itemListElement":[{"@type":"ListItem","position":1,"name":"Home","item":"https:\/\/www.brainstormbureau.nl\/"},{"@type":"ListItem","position":2,"name":"Brainstorm Sessie"}]},{"@type":"WebSite","@id":"https:\/\/www.brainstormbureau.nl\/#website","url":"https:\/\/www.brainstormbureau.nl\/","name":"BRAINSTORMBUREAU","description":"alles kan en mag","publisher":{"@id":"https:\/\/www.brainstormbureau.nl\/#\/schema\/person\/25c5ebac34b0d521c62005c0274bd35a"},"potentialAction":[{"@type":"SearchAction","target":{"@type":"EntryPoint","urlTemplate":"https:\/\/www.brainstormbureau.nl\/?s={search_term_string}"},"query-input":{"@type":"PropertyValueSpecification","valueRequired":true,"valueName":"search_term_string"}}],"inLanguage":"nl-NL"},{"@type":["Person","Organization"],"@id":"https:\/\/www.brainstormbureau.nl\/#\/schema\/person\/25c5ebac34b0d521c62005c0274bd35a","name":"Robert Pennekamp","image":{"@type":"ImageObject","inLanguage":"nl-NL","@id":"https:\/\/i0.wp.com\/www.brainstormbureau.nl\/wp-content\/uploads\/2019\/02\/logo-brainstormbureau-groot.jpg?fit=1000%2C1000&ssl=1","url":"https:\/\/i0.wp.com\/www.brainstormbureau.nl\/wp-content\/uploads\/2019\/02\/logo-brainstormbureau-groot.jpg?fit=1000%2C1000&ssl=1","contentUrl":"https:\/\/i0.wp.com\/www.brainstormbureau.nl\/wp-content\/uploads\/2019\/02\/logo-brainstormbureau-groot.jpg?fit=1000%2C1000&ssl=1","width":1000,"height":1000,"caption":"Robert Pennekamp"},"logo":{"@id":"https:\/\/i0.wp.com\/www.brainstormbureau.nl\/wp-content\/uploads\/2019\/02\/logo-brainstormbureau-groot.jpg?fit=1000%2C1000&ssl=1"},"description":"Beeldend kunstenaar en brainstormer (Uithoorn, 1963), woont en werkt in Amsterdam. Multi-media kunstenaar:. https:\/\/www.robertpennekamp.nl, https:\/\/www.brainstormbureau.nl","sameAs":["https:\/\/www.brainstormbureau.nl","https:\/\/www.facebook.com\/robert.pennekamp\/","https:\/\/www.instagram.com\/robertpennekamp\/","https:\/\/www.linkedin.com\/company\/430616\/admin\/dashboard\/"]}]}},"jetpack_sharing_enabled":true,"jetpack_shortlink":"https:\/\/wp.me\/PaKanF-1N","_links":{"self":[{"href":"https:\/\/www.brainstormbureau.nl\/index.php\/wp-json\/wp\/v2\/pages\/111","targetHints":{"allow":["GET"]}}],"collection":[{"href":"https:\/\/www.brainstormbureau.nl\/index.php\/wp-json\/wp\/v2\/pages"}],"about":[{"href":"https:\/\/www.brainstormbureau.nl\/index.php\/wp-json\/wp\/v2\/types\/page"}],"author":[{"embeddable":true,"href":"https:\/\/www.brainstormbureau.nl\/index.php\/wp-json\/wp\/v2\/users\/1"}],"replies":[{"embeddable":true,"href":"https:\/\/www.brainstormbureau.nl\/index.php\/wp-json\/wp\/v2\/comments?post=111"}],"version-history":[{"count":23,"href":"https:\/\/www.brainstormbureau.nl\/index.php\/wp-json\/wp\/v2\/pages\/111\/revisions"}],"predecessor-version":[{"id":2740,"href":"https:\/\/www.brainstormbureau.nl\/index.php\/wp-json\/wp\/v2\/pages\/111\/revisions\/2740"}],"wp:attachment":[{"href":"https:\/\/www.brainstormbureau.nl\/index.php\/wp-json\/wp\/v2\/media?parent=111"}],"curies":[{"name":"wp","href":"https:\/\/api.w.org\/{rel}","templated":true}]}}